{"id":18,"date":"2018-11-04T03:51:53","date_gmt":"2018-11-04T02:51:53","guid":{"rendered":"http:\/\/memozerodechet.com\/?page_id=18"},"modified":"2023-09-20T11:56:23","modified_gmt":"2023-09-20T09:56:23","slug":"www-memozerodechet-com","status":"publish","type":"page","link":"https:\/\/memozerodechet.com\/index.php\/www-memozerodechet-com\/","title":{"rendered":"\u00c0 propos"},"content":{"rendered":"\n<h2 class=\"wp-block-heading\">Fr\u00e9d\u00e9ric Bonnet<\/h2>\n\n\n<p>Je suis diplom\u00e9 en Sciences de l&rsquo;environnement et gestion d&rsquo;entreprise. Ma vie professionnelle commence avec un premier poste d&rsquo;Ing\u00e9nieur d&rsquo;\u00e9<img decoding=\"async\" loading=\"lazy\" class=\"alignright size-medium wp-image-157\" src=\"http:\/\/memozerodechet.com\/wp-content\/uploads\/2019\/11\/portrait-fred-169x300.jpg\" alt=\"Fr\u00e9d\u00e9ric Bonnet, cr\u00e9ateur du jeu de m\u00e9mo z\u00e9rod\u00e9chet\" width=\"169\" height=\"300\" srcset=\"https:\/\/memozerodechet.com\/wp-content\/uploads\/2019\/11\/portrait-fred-169x300.jpg 169w, https:\/\/memozerodechet.com\/wp-content\/uploads\/2019\/11\/portrait-fred-576x1024.jpg 576w, https:\/\/memozerodechet.com\/wp-content\/uploads\/2019\/11\/portrait-fred.jpg 673w\" sizes=\"(max-width: 169px) 100vw, 169px\" \/>tudes \u00e0 AgroParisTech \u00e0 Montpellier. Puis, j&rsquo;ai d\u00e9cid\u00e9 de cr\u00e9er mon propre bureau d&rsquo;\u00e9tudes environnement, Synth\u00e9a Recherche, en 2007, qui est devenu depuis Cible Z\u00e9ro.\u00a0<\/p>\n<p>C&rsquo;est au cours d&rsquo;une mission pour l&rsquo;agglom\u00e9ration de Montpellier en 2010 que je d\u00e9couvre la th\u00e9matique de la r\u00e9duction des d\u00e9chets. J&rsquo;ai tout de suite \u00e9t\u00e9 int\u00e9ress\u00e9 car regarder ses d\u00e9chets, c&rsquo;est finalement questionner sa fa\u00e7on de vivre.<\/p>\n<p>Depuis cette mission et d&rsquo;autres ensuite, je n&rsquo;ai eu de cesse d&rsquo;approfondir ce th\u00e8me de la r\u00e9duction des d\u00e9chets avec toujours ce d\u00e9sir de partager. Ainsi est n\u00e9 le jeu de m\u00e9mo.<\/p>\n\n\n<hr class=\"wp-block-separator has-css-opacity\"\/>\n\n\n\n<p class=\"has-text-align-center\">2 avenue L\u00e9on Guichenne, 64240 Hasparren<br>06 59 11 50 13<br>Siret : 492 867 163 000 23<br>TVA intracommunautaire : FR43 492867163<\/p>\n\n\n\n<p><\/p>\n\n\n\n<p class=\"has-text-align-center has-white-color has-text-color\"><a href=\"http:\/\/www.ciblezero.com\">www.ciblezero.com<\/a><\/p>\n","protected":false},"excerpt":{"rendered":"<p>Fr\u00e9d\u00e9ric Bonnet Je suis diplom\u00e9 en Sciences de l&rsquo;environnement et gestion d&rsquo;entreprise. Ma vie professionnelle commence avec un premier poste d&rsquo;Ing\u00e9nieur d&rsquo;\u00e9tudes \u00e0 AgroParisTech \u00e0 Montpellier. Puis, j&rsquo;ai d\u00e9cid\u00e9 de cr\u00e9er mon propre bureau d&rsquo;\u00e9tudes environnement, Synth\u00e9a Recherche, en 2007, qui est devenu depuis Cible Z\u00e9ro.\u00a0 C&rsquo;est au cours d&rsquo;une mission pour l&rsquo;agglom\u00e9ration de Montpellier &hellip; <\/p>\n<p class=\"link-more\"><a href=\"https:\/\/memozerodechet.com\/index.php\/www-memozerodechet-com\/\" class=\"more-link\">Continuer la lecture<span class=\"screen-reader-text\"> de &laquo;&nbsp;\u00c0 propos&nbsp;&raquo;<\/span><\/a><\/p>\n","protected":false},"author":1,"featured_media":58,"parent":0,"menu_order":0,"comment_status":"closed","ping_status":"closed","template":"","meta":{"footnotes":""},"_links":{"self":[{"href":"https:\/\/memozerodechet.com\/index.php\/wp-json\/wp\/v2\/pages\/18"}],"collection":[{"href":"https:\/\/memozerodechet.com\/index.php\/wp-json\/wp\/v2\/pages"}],"about":[{"href":"https:\/\/memozerodechet.com\/index.php\/wp-json\/wp\/v2\/types\/page"}],"author":[{"embeddable":true,"href":"https:\/\/memozerodechet.com\/index.php\/wp-json\/wp\/v2\/users\/1"}],"replies":[{"embeddable":true,"href":"https:\/\/memozerodechet.com\/index.php\/wp-json\/wp\/v2\/comments?post=18"}],"version-history":[{"count":17,"href":"https:\/\/memozerodechet.com\/index.php\/wp-json\/wp\/v2\/pages\/18\/revisions"}],"predecessor-version":[{"id":367,"href":"https:\/\/memozerodechet.com\/index.php\/wp-json\/wp\/v2\/pages\/18\/revisions\/367"}],"wp:featuredmedia":[{"embeddable":true,"href":"https:\/\/memozerodechet.com\/index.php\/wp-json\/wp\/v2\/media\/58"}],"wp:attachment":[{"href":"https:\/\/memozerodechet.com\/index.php\/wp-json\/wp\/v2\/media?parent=18"}],"curies":[{"name":"wp","href":"https:\/\/api.w.org\/{rel}","templated":true}]}}